13
Let d(v) = v - 10. Let l be d(6). Let q be (l/8)/(2/52). Let k = q + 11. Let r(h) = -3*h - 1. What is r(k)?
5
Let s be ((-18)/(-15))/(27/180). Let p(n) = -n**3 + 7*n**2 + 7*n - 4. Give p(s).
-12
Let c(s) = 438*s + 7 - s**3 - 145*s - 145*s - 144*s - 6*s**2 - 1. Give c(-6).
-18
Let r(n) = -4*n + 2. Let x = 119 + -114. Give r(x).
-18
Let q(m) = 0*m**2 - 12*m + 4*m - m**3 + 2 - 23*m**2 - 14*m - 9. Give q(-22).
-7
Let h be ((-6)/18)/((-2)/24). Suppose 2*k = -0 + 6, -29 = -h*s - 3*k. Let u(a) = -a + s*a + 2*a - a**2. What is u(5)?
5
Let h(t) = -t**3 + 3*t + 2. Suppose 0 = -2*r - 2 - 4. Suppose 2*i + 5 = -3*a, -3*a - i - 10 = a. Let y be r/2*(-4)/a. Calculate h(y).
4
Let c be (10/(-3) + 4)/((-1)/(-3)). Suppose 8*v = c*v - 6. Let l(p) = 6*p - 1. Give l(v).
-7
Let x(c) = 52*c - 3431. Let w be x(66). Let j(i) = 1 + i**3 + 3*i**2 + 3*i**3 - 4*i**2. Give j(w).
4
Let i(y) be the first derivative of y**2 + 7*y - 16. Let t(c) = -c**3 + 2*c**2 + c. Let m be t(2). Suppose 0 = -m*a - 11 + 1. Determine i(a).
-3
Let h(b) = -3*b + 5. Suppose -r = -x - 1 + 8, 2*r - 3*x = -15. Calculate h(r).
23
Suppose 3*g - 12 = 0, 2*j + g = -21 + 1. Let i be 2/(-3) + (-56)/j. Let l(f) = -f - 2. Calculate l(i).
-6
Let u(n) be the third derivative of n**8/20160 + n**7/630 + n**6/180 - 8*n**5/15 - 10*n**2. Let l(z) be the third derivative of u(z). What is l(-8)?
4
Let q(n) = -n**2 - 4*n + 7. Let l = 41 + -76. Let j be ((-30)/l)/(2/(-14)). Give q(j).
-5
Let b(f) = 6*f + 132. Let k(d) = 3*d + 58. Let r(a) = 6*b(a) - 14*k(a). Give r(-4).
4
Let l(j) = -3*j**3 - 3*j**2 + 5*j - 2. Let s = 30 - 33. Let c(k) = 5*k**3 + 7*k**2 - 11*k + 5. Let g(b) = s*c(b) - 7*l(b). Give g(-1).
-5
Let g(f) = f**2 - 5*f - 6. Let r be g(6). Let z(n) = n**3 - 153635*n - 2*n**2 + n**2 - 1 + 153634*n. Determine z(r).
-1
Let q(f) be the third derivative of -1/120*f**6 + 0 - 1/15*f**5 + 3*f**2 + 0*f + 5/24*f**4 + 1/3*f**3. Let a(g) = -2*g**2 + g + 1. Let j be a(2). What is q(j)?
2
Let k = 1317 - 1312. Let v(u) = 3*u**2 - 6*u + 3. Determine v(k).
48
Let u(j) be the second derivative of j**4/12 + 3*j**3/2 + 9*j**2 + 3*j + 95. Determine u(-4).
-2
Let b(k) = -2*k + 1. Let i(u) = -7*u + 2. Let g(y) = -4*b(y) + i(y). Give g(4).
2
Let p(v) be the third derivative of 2*v**5/15 - v**4/24 + v**3/6 + 3*v**2 + 10. Let z(k) = k**3 - 11*k**2 + 10*k + 1. Let w be z(10). Calculate p(w).
8
Suppose a - 6 = 4*t + 5, a + 9 = -t. Let m(g) = -g**3 - 6*g**2 - 6*g + 8. Let q be m(t). Let n(y) = -y**2 - y - 13. Give n(q).
-13
Let b(p) = -9*p**3 + 4*p**2 + 5*p + 6. Let f(m) = 2*m**3 - m**2 - 1. Let n(w) = b(w) + 4*f(w). Determine n(4).
-42
Let s(b) be the second derivative of -5*b + 0 + 1/6*b**3 + 0*b**2. Let m(d) = -d**3 - 10*d**2 + 2*d + 14. Let n be m(-10). Determine s(n).
-6
Let k(r) = -7*r**3 + r - 1. Suppose -h - 2 = -l, 6*l + 5*h + 30 = l. Calculate k(l).
53
Let x be 84/210 + 46/10. Let p(v) be the first derivative of 3*v**2/2 - 6*v - 1. Give p(x).
9
Let r be (-4)/(-8) + (-81)/6. Let q = r + 18. Let y(a) = 4*a**2 - a + 1. Let b(i) = -6*i**2 + 2*i - 2. Let m(z) = q*b(z) + 7*y(z). Calculate m(2).
-5
Let x(a) be the third derivative of -a**4/8 + 5*a**3/3 - 8*a**2. Calculate x(-9).
37
Let r(t) be the second derivative of t**4/12 - 3*t**2/2 - 400*t. Let z(c) = -c**2 + 7*c + 2. Let k be z(7). Let o = k + 1. Determine r(o).
6
Let t(a) be the second derivative of a**5/20 + 2*a**4/3 - 3*a**3/2 - 11*a**2/2 - 2*a - 49. Calculate t(-9).
-11
Let m be (-17 + -39)/(-2 + 0). Let c = m + -25. Let q(o) = o**2 - 4*o - 1. Calculate q(c).
-4
Let c(x) = -x + 13. Let f(q) = -3*q + 39. Let i(p) = -8*c(p) + 3*f(p). Give i(11).
2
Let h(i) = 2 + 4 - 2241*i - 6 + 2240*i. What is h(5)?
-5
Let r be 4/2 + 2 - 1. Suppose -4*d = -r*d. Let j(y) be the first derivative of -y**2/2 - 2*y + 1150. Give j(d).
-2
Let q(s) be the first derivative of -s**2/2 + 9*s + 2. Let y be 1*(-2 - 2)/(-4)*-2. Let u be (24/y)/(-6) - (-3 + 0). Determine q(u).
4
Let a(s) be the second derivative of -s**4/3 - s**3/2 + 3*s**2 - 6*s. Let f(k) = -k**2 + k. Let g(m) = -a(m) + 5*f(m). What is g(5)?
9
Suppose -4 = -15*a + 71. Suppose 2*z = 2*n - 18, 2*z + a*n = 5*z + 37. Let g(u) = 2*u**2 + 4*u + 3. Calculate g(z).
19
Let a(g) = g + 12. Let l(u) = u**3 + u**2 + 2*u + 10. Let o be l(0). Let z be o*(-2 - (-4)/4). Give a(z).
2
Let p(f) = -8*f + 1. Let i = 279 - 281. Give p(i).
17
Suppose 5*f + 4*v = 17, 37*f + 3*v = 42*f + 4. Let w(p) = 4*p**3 - 1. Give w(f).
3
Let m = 6 + -12. Let p = -20 + 33. Let z(f) = 29 + f - p - 12. Calculate z(m).
-2
Let z(n) = n - 11. Suppose -4*r = -r - 480. Let l be r/(-30)*18/8. Let d(k) = k**2 + 11*k - 12. Let a be d(l). Calculate z(a).
-11
Let o(h) = h**2 + 5*h - 5. Let s(u) = 2*u**2 + 9*u - 9. Let l(m) = -11*o(m) + 6*s(m). Suppose 0 = -4*n + 5 - 1. What is l(n)?
1
Let h(s) = -79*s**2 + 95*s - 56. Let g(x) = 25*x**2 - 31*x + 19. Let k(i) = 19*g(i) + 6*h(i). Determine k(17).
-9
Suppose 0 = -3*u - n - 14, n + 11 = -u - u. Let z = -2 - u. Let k = 1 + z. Let g(x) = 2*x. Calculate g(k).
4
Let h be 10 + -6 + 0 - 6. Let a(u) = u**3 + 4*u**2 + 2*u - 1. Calculate a(h).
3
Let i(c) = -14*c - 13. Let m(q) = -10*q - 12. Let p(z) = -3*i(z) + 4*m(z). What is p(6)?
3
Let y(q) be the first derivative of q**4/12 + q**3/6 + 3*q**2 + 16*q - 14. Let t(w) be the first derivative of y(w). Calculate t(0).
6
Let w(n) be the first derivative of -n**6/360 - n**5/120 + n**4/24 - n**3/3 + 1. Let a(l) be the third derivative of w(l). Let f = -297 + 298. Calculate a(f).
-1
Let j be ((-91)/21)/(1/(-12)). Suppose 2 = -4*r + 6. Let g be 195/j + r/4. Let w(i) = -i + 2. What is w(g)?
-2
Let y(p) = p - 1. Let v(h) = 1. Suppose 12 = 4*b - 2*q, -4*b + 24 = -3*q - 2*q. Let g(d) = b*y(d) - 6*v(d). Let x be 1/3*(15 + -15). Give g(x).
-7
Let p(u) be the third derivative of u**6/120 - 7*u**5/60 - u**4/12 + 5*u**3/6 - 374*u**2. Determine p(6).
-43
Let s(r) = -7*r + 0*r**2 + r**2 - 6 + 0*r**2. Suppose p - 5*k + 20 = 0, 3*k + 5 + 75 = -4*p. Let g be (2 - 33/15) + (-144)/p. Determine s(g).
-6
Let j(d) = d**2 - 3*d - 6. Suppose 10*g = 9*g + 2. Suppose 0 = g*f + 3*f + 3*c - 10, 5*c = -f - 20. Give j(f).
4
Let p be 4/(-48)*-6*0. Let m(d) = d**2 + 4*d - 1. Let t(x) = -3*x**2 - 11*x + 4. Let r(w) = 11*m(w) + 4*t(w). Determine r(p).
5
Let d = 2 + -6. Let t(k) be the first derivative of -k**3/3 - k**2/2 + 2*k - 19. What is t(d)?
-10
Let v(d) be the third derivative of d**5/60 + 3*d**4/8 + 5*d**3/3 + 59*d**2. Calculate v(-8).
2
Let u(h) be the first derivative of -3*h**2/2 - 4*h + 6. Let r be u(-3). Let g(w) = -w**3 + 5*w**2 - 2*w + 5. Determine g(r).
-5
Let a(q) be the second derivative of 1/2*q**3 + 0 - 1/20*q**5 + 17*q + 1/3*q**4 + 3/2*q**2. Determine a(5).
-7
Let d(f) = -9*f + 11. Let m(i) = -4*i + 5. Let k(p) = 6*d(p) - 14*m(p). Let q(x) = -x + 4. Let z(n) = 2*k(n) + 3*q(n). Determine z(-6).
-2
Suppose -7 - 5 = -4*b. Let d(m) = -m + 0*m**b + 2*m**3 - m**3. Let u be d(-1). Let w(i) = -i**2 - i - 12. Give w(u).
-12
Let n(w) = -13*w**3 - 7*w**2 + w - 11. Let g(l) = 37*l**3 + 21*l**2 - 3*l + 32. Let k(d) = 6*g(d) + 17*n(d). Let m = 19 - 26. Determine k(m).
12
Let r(h) = h**2 - 9*h. Let b(u) = 2*u**3 - 3*u**2 - u + 2. Let x be b(3). Suppose v - x = -4*j, 0 = -2*j + 4*j + v - 12. Determine r(j).
-14
Let y(q) = -q**2 - 9*q - 2. Let n(p) = -8*p + 3. Let a be n(0). Let b be 9/(81/(-24))*a. What is y(b)?
6
Let y = -2 + 0. Let r(m) = -m**2 - 3*m - 6. Suppose 55*h - 59*h = -32. Let c(p) = -4*p**2 - 9*p - 17. Let z(f) = h*r(f) - 3*c(f). Calculate z(y).
13
Suppose 0*v - 3*v = 15. Let q(j) be the third derivative of -j**4/24 - 7*j**3/6 + 82*j**2 - 1. What is q(v)?
-2
Let r(v) = -2*v + 46 + 1 + 5*v. Let g be r(-16). Let u(i) = 5*i**2 - 1. What is u(g)?
4
Let s(i) = -i**2 - 4*i - 1. Let q be ((-1)/(-1) + 2)/(-1). Let w be s(q). Let l(h) = 3*h - 3 - 2*h + 2 - w*h**2. Determine l(2).
-7
Let z = 6199 + -6204. Let k(q) be the third derivative of q**7/1260 + q**6/360 + q**5/60 - q**2. Let p(w) be the third derivative of k(w). Calculate p(z).
-18
Suppose 3*q - o = 2*o + 18, 0 = 3*q - 4*o - 16. Suppose 0 = q*r - 4*r - 8. Let m(t) = -2*t**2 + 2*t + 2. Give m(r).
-2
Let a(t) = -13*t**3 + 19*t**2 - 4*t - 1. Let j(s) = -13*s**3 + 12*s**2 - 2*s - 1. Let z(f) = -2*a(f) + 3*j(f). Suppose -1 = 5*p - 6. Give z(p).
-14
Let o(g) = -g**3 + 3*g**2 